{"id":371,"date":"2025-04-21T18:29:21","date_gmt":"2025-04-21T18:29:21","guid":{"rendered":"https:\/\/nordikfloor.com\/?page_id=371"},"modified":"2025-04-21T19:45:52","modified_gmt":"2025-04-21T19:45:52","slug":"instalacion","status":"publish","type":"page","link":"https:\/\/nordikfloor.com\/index.php\/instalacion\/","title":{"rendered":"Instalaci\u00f3n"},"content":{"rendered":"\t\t<div data-elementor-type=\"wp-page\" data-elementor-id=\"371\" class=\"elementor elementor-371\" data-elementor-post-type=\"page\">\n\t\t\t\t<div class=\"elementor-element elementor-element-9f34c17 e-flex e-con-boxed e-con e-parent\" data-id=\"9f34c17\" data-element_type=\"container\" data-settings=\"{&quot;background_background&quot;:&quot;classic&quot;}\">\n\t\t\t\t\t<div class=\"e-con-inner\">\n\t\t\t\t\t<\/div>\n\t\t\t\t<\/div>\n\t\t<div class=\"elementor-element elementor-element-7ad957e e-con-full e-flex e-con e-parent\" data-id=\"7ad957e\" data-element_type=\"container\">\n\t\t<div class=\"elementor-element elementor-element-9f9a94c e-con-full e-flex e-con e-child\" data-id=\"9f9a94c\" data-element_type=\"container\">\n\t\t\t\t<div class=\"elementor-element elementor-element-a4e29c8 elementor-widget elementor-widget-image\" data-id=\"a4e29c8\" data-element_type=\"widget\" data-widget_type=\"image.default\">\n\t\t\t\t<div class=\"elementor-widget-container\">\n\t\t\t\t\t\t\t\t\t\t\t\t\t<img fetchpriority=\"high\" decoding=\"async\" width=\"800\" height=\"250\" src=\"https:\/\/nordikfloor.com\/wp-content\/uploads\/2024\/10\/logo-negro-nordik-2-1024x320.png\" class=\"attachment-large size-large wp-image-62\" alt=\"\" srcset=\"https:\/\/nordikfloor.com\/wp-content\/uploads\/2024\/10\/logo-negro-nordik-2-1024x320.png 1024w, https:\/\/nordikfloor.com\/wp-content\/uploads\/2024\/10\/logo-negro-nordik-2-300x94.png 300w, https:\/\/nordikfloor.com\/wp-content\/uploads\/2024\/10\/logo-negro-nordik-2-768x240.png 768w, https:\/\/nordikfloor.com\/wp-content\/uploads\/2024\/10\/logo-negro-nordik-2-1536x480.png 1536w, https:\/\/nordikfloor.com\/wp-content\/uploads\/2024\/10\/logo-negro-nordik-2.png 1763w\" sizes=\"(max-width: 800px) 100vw, 800px\" \/>\t\t\t\t\t\t\t\t\t\t\t\t\t<\/div>\n\t\t\t\t<\/div>\n\t\t\t\t<\/div>\n\t\t<div class=\"elementor-element elementor-element-62e800b e-con-full e-flex e-con e-child\" data-id=\"62e800b\" data-element_type=\"container\">\n\t\t\t\t<div class=\"elementor-element elementor-element-ca870c1 elementor-align-right elementor-widget elementor-widget-button\" data-id=\"ca870c1\" data-element_type=\"widget\" data-widget_type=\"button.default\">\n\t\t\t\t<div class=\"elementor-widget-container\">\n\t\t\t\t\t<div class=\"elementor-button-wrapper\">\n\t\t\t<a class=\"elementor-button elementor-button-link elementor-size-sm\" href=\"tel:659890186\">\n\t\t\t\t\t\t<span class=\"elementor-button-content-wrapper\">\n\t\t\t\t\t\t\t\t\t<span class=\"elementor-button-text\">LLamar<\/span>\n\t\t\t\t\t<\/span>\n\t\t\t\t\t<\/a>\n\t\t<\/div>\n\t\t\t\t<\/div>\n\t\t\t\t<\/div>\n\t\t\t\t<\/div>\n\t\t\t\t<\/div>\n\t\t<div class=\"elementor-element elementor-element-aa1027d e-flex e-con-boxed e-con e-parent\" data-id=\"aa1027d\" data-element_type=\"container\">\n\t\t\t\t\t<div class=\"e-con-inner\">\n\t\t<div class=\"elementor-element elementor-element-59397ab e-con-full e-flex e-con e-child\" data-id=\"59397ab\" data-element_type=\"container\">\n\t\t\t\t<div class=\"elementor-element elementor-element-137833c elementor-widget elementor-widget-elementskit-heading\" data-id=\"137833c\" data-element_type=\"widget\" data-widget_type=\"elementskit-heading.default\">\n\t\t\t\t<div class=\"elementor-widget-container\">\n\t\t\t<div class=\"ekit-wid-con\" ><div class=\"ekit-heading elementskit-section-title-wraper text_center   ekit_heading_tablet-   ekit_heading_mobile-text_center\"><h2 class=\"ekit-heading--title elementskit-section-title \">Instalaci\u00f3n de Suelos de Madera<\/h2><h3 class=\"ekit-heading--subtitle elementskit-section-subtitle  \">\n\t\t\t\t\t\tTransforma tu espacio con elegancia natural\n\t\t\t\t\t<\/h3><div class=\"ekit_heading_separetor_wraper ekit_heading_elementskit-border-divider elementskit-style-long\"><div class=\"elementskit-border-divider elementskit-style-long\"><\/div><\/div><\/div><\/div>\t\t<\/div>\n\t\t\t\t<\/div>\n\t\t<div class=\"elementor-element elementor-element-c41f551 e-con-full e-flex e-con e-child\" data-id=\"c41f551\" data-element_type=\"container\">\n\t\t\t\t<div class=\"elementor-element elementor-element-caea9e3 elementor-widget elementor-widget-image\" data-id=\"caea9e3\" data-element_type=\"widget\" data-widget_type=\"image.default\">\n\t\t\t\t<div class=\"elementor-widget-container\">\n\t\t\t\t\t\t\t\t\t\t\t\t\t<img decoding=\"async\" width=\"650\" height=\"460\" src=\"https:\/\/nordikfloor.com\/wp-content\/uploads\/2024\/11\/suelo-estilo-nordico-4.jpg\" class=\"attachment-large size-large wp-image-140\" alt=\"\" srcset=\"https:\/\/nordikfloor.com\/wp-content\/uploads\/2024\/11\/suelo-estilo-nordico-4.jpg 650w, https:\/\/nordikfloor.com\/wp-content\/uploads\/2024\/11\/suelo-estilo-nordico-4-300x212.jpg 300w\" sizes=\"(max-width: 650px) 100vw, 650px\" \/>\t\t\t\t\t\t\t\t\t\t\t\t\t<\/div>\n\t\t\t\t<\/div>\n\t\t\t\t<\/div>\n\t\t<div class=\"elementor-element elementor-element-315aee7 e-con-full e-flex e-con e-child\" data-id=\"315aee7\" data-element_type=\"container\">\n\t\t\t\t<div class=\"elementor-element elementor-element-6c7d852 elementor-widget elementor-widget-text-editor\" data-id=\"6c7d852\" data-element_type=\"widget\" data-widget_type=\"text-editor.default\">\n\t\t\t\t<div class=\"elementor-widget-container\">\n\t\t\t\t\t\t\t<p><strong>D\u00e9jate inspirar por la nobleza de la madera.<\/strong><\/p><p>En Nordik Floor somos especialistas en la instalaci\u00f3n de suelos de madera de alta gama. Trabajamos con precisi\u00f3n artesanal y materiales seleccionados para transformar cualquier espacio en un ambiente c\u00e1lido, elegante y duradero.<\/p><p><br data-start=\"537\" data-end=\"540\" \/><strong>Cada proyecto es \u00fanico.<\/strong> Estudiamos las condiciones del espacio, asesoramos en la elecci\u00f3n del parquet m\u00e1s adecuado y ejecutamos una instalaci\u00f3n limpia, eficiente y sin sorpresas.<\/p>\t\t\t\t\t\t<\/div>\n\t\t\t\t<\/div>\n\t\t\t\t<\/div>\n\t\t<div class=\"elementor-element elementor-element-bb6c69c e-con-full e-flex e-con e-child\" data-id=\"bb6c69c\" data-element_type=\"container\">\n\t\t\t\t<div class=\"elementor-element elementor-element-1e5c7f9 elementor-widget elementor-widget-text-editor\" data-id=\"1e5c7f9\" data-element_type=\"widget\" data-widget_type=\"text-editor.default\">\n\t\t\t\t<div class=\"elementor-widget-container\">\n\t\t\t\t\t\t\t<p class=\"\" data-start=\"722\" data-end=\"894\">Tanto si se trata de una vivienda particular, un local comercial o un espacio de dise\u00f1o, nuestro equipo garantiza un acabado impecable y adaptado al estilo de cada cliente.<\/p><p data-start=\"722\" data-end=\"894\"><strong>Somos especialistas en suelos de parquet y tarimas de lujo<\/strong>, con un profundo respeto por la naturaleza y una pasi\u00f3n por la madera.<\/p><p class=\"\" data-start=\"951\" data-end=\"1047\">Instalamos suelos de madera con precisi\u00f3n y elegancia. Calidad garantizada desde el primer paso.<\/p>\t\t\t\t\t\t<\/div>\n\t\t\t\t<\/div>\n\t\t\t\t<\/div>\n\t\t<div class=\"elementor-element elementor-element-6a6f2f9 e-con-full e-flex e-con e-child\" data-id=\"6a6f2f9\" data-element_type=\"container\">\n\t\t\t\t<div class=\"elementor-element elementor-element-af641fb elementor-widget elementor-widget-image\" data-id=\"af641fb\" data-element_type=\"widget\" data-widget_type=\"image.default\">\n\t\t\t\t<div class=\"elementor-widget-container\">\n\t\t\t\t\t\t\t\t\t\t\t\t\t<img decoding=\"async\" width=\"800\" height=\"440\" src=\"https:\/\/nordikfloor.com\/wp-content\/uploads\/2024\/11\/e89b14_fa83bb3a05904fb1834eb2c69b32491bmv2_d_2500_1376_s_2.webp\" class=\"attachment-large size-large wp-image-99\" alt=\"\" srcset=\"https:\/\/nordikfloor.com\/wp-content\/uploads\/2024\/11\/e89b14_fa83bb3a05904fb1834eb2c69b32491bmv2_d_2500_1376_s_2.webp 932w, https:\/\/nordikfloor.com\/wp-content\/uploads\/2024\/11\/e89b14_fa83bb3a05904fb1834eb2c69b32491bmv2_d_2500_1376_s_2-300x165.webp 300w, https:\/\/nordikfloor.com\/wp-content\/uploads\/2024\/11\/e89b14_fa83bb3a05904fb1834eb2c69b32491bmv2_d_2500_1376_s_2-768x423.webp 768w\" sizes=\"(max-width: 800px) 100vw, 800px\" \/>\t\t\t\t\t\t\t\t\t\t\t\t\t<\/div>\n\t\t\t\t<\/div>\n\t\t\t\t<\/div>\n\t\t\t\t<\/div>\n\t\t\t\t\t<\/div>\n\t\t\t\t<\/div>\n\t\t<div class=\"elementor-element elementor-element-bb88eb4 e-flex e-con-boxed e-con e-parent\" data-id=\"bb88eb4\" data-element_type=\"container\" data-settings=\"{&quot;background_background&quot;:&quot;classic&quot;}\">\n\t\t\t\t\t<div class=\"e-con-inner\">\n\t\t<div class=\"elementor-element elementor-element-4a52066 e-con-full e-flex e-con e-child\" data-id=\"4a52066\" data-element_type=\"container\">\n\t\t\t\t<div class=\"elementor-element elementor-element-a974cab elementor-widget elementor-widget-elementskit-heading\" data-id=\"a974cab\" data-element_type=\"widget\" data-widget_type=\"elementskit-heading.default\">\n\t\t\t\t<div class=\"elementor-widget-container\">\n\t\t\t<div class=\"ekit-wid-con\" ><div class=\"ekit-heading elementskit-section-title-wraper center   ekit_heading_tablet-   ekit_heading_mobile-\"><h3 class=\"elementskit-section-subtitle  \">\n\t\t\t\t\t\tPide presupuesto sin compromiso\n\t\t\t\t\t<\/h3><h2 class=\"ekit-heading--title elementskit-section-title \">Solicitar instalaci\u00f3n personalizada<\/h2><\/div><\/div>\t\t<\/div>\n\t\t\t\t<\/div>\n\t\t\t\t<div class=\"elementor-element elementor-element-27a03f8 elementor-widget elementor-widget-elementskit-button\" data-id=\"27a03f8\" data-element_type=\"widget\" data-widget_type=\"elementskit-button.default\">\n\t\t\t\t<div class=\"elementor-widget-container\">\n\t\t\t<div class=\"ekit-wid-con\" >\t\t<div class=\"ekit-btn-wraper\">\n\t\t\t\t\t\t\t<a href=\"mailto:info@nordikfloor.com\" class=\"elementskit-btn  whitespace--normal\" id=\"\">\n\t\t\t\t\tContacta\t\t\t\t<\/a>\n\t\t\t\t\t<\/div>\n        <\/div>\t\t<\/div>\n\t\t\t\t<\/div>\n\t\t\t\t<\/div>\n\t\t\t\t\t<\/div>\n\t\t\t\t<\/div>\n\t\t\t\t<\/div>\n\t\t","protected":false},"excerpt":{"rendered":"<p>LLamar Instalaci\u00f3n de Suelos de Madera Transforma tu espacio con elegancia natural D\u00e9jate inspirar por la nobleza de la madera. En Nordik Floor somos especialistas en la instalaci\u00f3n de suelos de madera de alta gama. Trabajamos con precisi\u00f3n artesanal y materiales seleccionados para transformar cualquier espacio en un ambiente c\u00e1lido, elegante y duradero. Cada proyecto [&hellip;]<\/p>\n","protected":false},"author":2,"featured_media":0,"parent":0,"menu_order":0,"comment_status":"closed","ping_status":"closed","template":"","meta":{"_joinchat":[],"footnotes":""},"class_list":["post-371","page","type-page","status-publish","hentry"],"_links":{"self":[{"href":"https:\/\/nordikfloor.com\/index.php\/wp-json\/wp\/v2\/pages\/371","targetHints":{"allow":["GET"]}}],"collection":[{"href":"https:\/\/nordikfloor.com\/index.php\/wp-json\/wp\/v2\/pages"}],"about":[{"href":"https:\/\/nordikfloor.com\/index.php\/wp-json\/wp\/v2\/types\/page"}],"author":[{"embeddable":true,"href":"https:\/\/nordikfloor.com\/index.php\/wp-json\/wp\/v2\/users\/2"}],"replies":[{"embeddable":true,"href":"https:\/\/nordikfloor.com\/index.php\/wp-json\/wp\/v2\/comments?post=371"}],"version-history":[{"count":22,"href":"https:\/\/nordikfloor.com\/index.php\/wp-json\/wp\/v2\/pages\/371\/revisions"}],"predecessor-version":[{"id":449,"href":"https:\/\/nordikfloor.com\/index.php\/wp-json\/wp\/v2\/pages\/371\/revisions\/449"}],"wp:attachment":[{"href":"https:\/\/nordikfloor.com\/index.php\/wp-json\/wp\/v2\/media?parent=371"}],"curies":[{"name":"wp","href":"https:\/\/api.w.org\/{rel}","templated":true}]}}